*x + 567*x. Give z(x).
3
Suppose 31*y = 22*y - 585. Let p = -62 - y. Let k(v) be the second derivative of v**5/20 - v**4/3 + 5*v**3/6 - 2*v**2 + 3*v. Determine k(p).
2
Suppose -282*h - 516 = -368*h. Let a(y) = -y**2 + 13*y - 13. Determine a(h).
29
Let c(y) = -11*y - 20. Suppose 1727 - 1721 = 3*q. What is c(q)?
-42
Let c(q) = -305*q**2 - 46*q - 314*q**2 + 63*q + 35 + 620*q**2. What is c(-14)?
-7
Let i(g) = -g**2 - 104*g - 2574. Let p be i(-63). Let v(x) = 2*x**2 - 23*x + 22. Calculate v(p).
-23
Let s(t) = -20*t**3 + t**2 + t. Suppose 6 = -2*g - 0. Let n be (-132)/8*(-2)/g. Let m = n - -10. Determine s(m).
20
Let r(a) = -6*a - 2. Let n(y) = 5*y + 27. Let o(x) = -n(x) - r(x). Give o(-6).
-31
Let m(l) = 28*l - 21. Let o(w) = -13*w + 9. Let r be (-36)/540 + (-196)/(-15). Let y(t) = r*o(t) + 6*m(t). Give y(-10).
1
Let o(f) = -2*f**2 - 7*f - 4. Let k be o(-3). Let s(u) = 12*u + 13. Give s(k).
1
Let p(n) = 6*n - 3. Let c(b) = -1. Let m(v) = -4*c(v) + p(v). Suppose 2*h = -3*a - 18, -8*h - 18 = -6*h + a. Let q be (-6)/9 + h/((-54)/(-8)). Give m(q).
-11
Suppose s = 2*s - 4*x - 13, -5*s - 3*x = -111. Suppose 2*f - 7 + s = 0. Let b(j) be the second derivative of -j**3/3 + 5*j**2/2 - j + 56. Give b(f).
19
Let c(r) = 65*r**2 + 4*r + 5. Let h(v) = -152*v + 303. Let j be h(2). Determine c(j).
66
Let s(p) = -p + 2. Suppose 5*f = -i + 20, -4*i - i + 2*f + 19 = 0. Suppose -38 = -i*b + 82. Suppose -2*k + 0*k + 3*t + 7 = 0, 0 = k + 4*t + b. Calculate s(k).
6
Suppose -34*m = -32*m - 72. Let d(i) = -17*i**3 + 1 + 37*i**3 + i**2 - 2*i - m*i**3. Calculate d(1).
-16
Let f(c) = 7*c + 0*c + 98*c**2 - 54*c**2 + 97 - 45*c**2. Give f(14).
-1
Let n(v) be the first derivative of v**3/3 + 2*v - 3. Let w be 4890/70 - 4/28*-1. Let z = w + -70. Calculate n(z).
2
Let s(p) = 3*p + 19. Let r(v) = -3*v - 19. Let j(c) = -4*r(c) - 3*s(c). Let n = -21187 + 21180. What is j(n)?
-2
Let y = 114 - 116. Let i be (4/(144/(-27)))/(y/8). Let j(h) = 3*h + 14*h**i - 3*h - h**2 - 11*h**3. Calculate j(-1).
-4
Let c(j) = -6*j**2 + 7 - 14*j**2 - 5 + 9*j**2 + 32*j - 32 + j**3. What is c(7)?
-2
Suppose -18 = -3*u + u + 3*r, -u + 9 = 4*r. Suppose 0 = 4*h - 2*z - z - 7, 5*z - 23 = -2*h. Let x(o) = -12 + u*o - 6*o - h*o. Determine x(-8).
-4
Let l(b) = -b**2 + 5*b + 4. Let f = 406 - 404. Suppose 4*k - 5*o = 37, f*k + o - 5*o = 26. What is l(k)?
10
Let k(s) be the third derivative of 0 + 1/12*s**4 + 2/3*s**3 + 0*s + 3*s**2 + 1/60*s**5. Let f be 15/((-75)/40)*(-2)/(-4). What is k(f)?
12
Let n(b) be the first derivative of -b**3/3 - b**2 - 2*b - 1. Let q be 672/5 + 21/(-15) + 1. Let o = q - 137. Give n(o).
-5
Let r(q) = 7*q - 31. Let i(x) = 2*x**3 + 126*x**2 + x + 69. Let j be i(-63). Give r(j).
11
Let l(t) = -t**2 + 8*t - 2 - 2*t**2 + 4*t**2 - 2*t. Let k(i) = 13*i - 73. Let f be k(9). Suppose 24 = f*d - 48*d. What is l(d)?
-2
Let v(g) be the second derivative of g**3/6 - 7*g**2/2 + 10*g - 2. Let x(o) = 2*o - 15. Let l(a) = 5*v(a) - 2*x(a). Calculate l(-7).
-12
Let a(l) be the third derivative of -l**7/840 + l**6/90 - l**5/20 + l**4/4 - 19*l**3/2 + 271*l**2. Let d(w) be the first derivative of a(w). Determine d(3).
-3
Let f(g) be the second derivative of 11*g**4/6 + g**3/2 - 29*g + 25. Give f(-2).
82
Let k(c) be the third derivative of -1/12*c**4 + 0 - 5*c - 2*c**3 + 4*c**2. Calculate k(-11).
10
Let g(b) = 12*b**2 + 59*b - 11. Let a be g(-5). Let n(f) = f**3 + 8*f**2 + 15*f + 13. Let j be n(a). Let y(o) = 8*o - 2. Calculate y(j).
-42
Suppose 14 = 125*i - 118*i. Let g(n) = -33*n**2 - i*n**3 + 32*n**2 - 4*n + 5*n. Give g(-2).
10
Let q(v) = 6*v - 6. Let u = -214 - -220. Suppose 0 = 16*w - u - 58. What is q(w)?
18
Let n(h) = -h**2 + 92*h - 1274. Let m be n(17). Let v(l) = -42*l + 17. Determine v(m).
-25
Let p(i) be the first derivative of i**2 - 26*i + 1388. What is p(7)?
-12
Let o(l) be the first derivative of -1/4*l**4 + 20*l - l**2 + 10 + 5/6*l**3. Let q(z) be the first derivative of o(z). Determine q(3).
-14
Let s(f) = f**2 - 12*f + 16. Let g be s(12). Let z(p) = -10 + 6552*p - 2 - 6567*p - 9 + p**2 + 0*p**2. What is z(g)?
-5
Let g(j) = j**3 - 5*j**2 - 24*j - 62. Let v(z) = -2*z**3 + 7*z**2 + 47*z + 122. Let m(b) = 11*g(b) + 6*v(b). Calculate m(-14).
-6
Let t(h) be the third derivative of 0*h - 195*h**2 + 0 + 5/24*h**4 - 3/2*h**3. Determine t(6).
21
Let m(g) be the second derivative of g**5/60 + g**4/24 - g**3 - g**2/2 + 7*g - 6. Let v(x) be the first derivative of m(x). Give v(0).
-6
Let f(w) be the third derivative of -1/24*w**4 + 0*w + 82*w**2 + 0 + 4/3*w**3. Determine f(8).
0
Suppose -5*h + 7*h + 6 = 0. Let o(a) = a**3 - 7*a**2 - 3*a. Let l(c) = c**3 - 7*c**2 - 4*c + 1. Let z(s) = h*o(s) + 4*l(s). Determine z(8).
12
Suppose 771 = 66*t - 65*t - d, -4*t + 5*d = -3085. Let i be (-7)/(t/20) - 101/(-11). Let n(w) = -3*w - 9 + 2*w + 2*w. Give n(i).
0
Let b(j) = -2*j**3 + 7*j**2 + j - 4. Let f be 136/56 - 8/(-14). Determine b(f).
8
Let n = -15854 - -15846. Let m(j) = -j**3 - 9*j**2 - 5*j - 14. What is m(n)?
-38
Let n be (16 + -40)/((-2)/4). Let z be 17/11 + n/(-88). Let f(h) be the third derivative of -7*h**4/12 + h**2. What is f(z)?
-14
Let m(v) = -8*v**2 - 10*v + 8. Let o(p) = -3*p**2 - p - 1. Let s(x) = m(x) - 2*o(x). What is s(-10)?
-110
Let i(j) be the first derivative of j**7/840 - j**6/120 + j**5/40 - j**4/6 - 26*j**3/3 + 3*j**2/2 - 8. Let o(h) be the third derivative of i(h). Determine o(3).
5
Let o(q) = -q**3 - 14*q**2 - 14*q - 5. Let j = -10871 - -10858. Calculate o(j).
8
Let q be (3/(5 - 2))/((-4776)/264 + 18). Let s(d) = -d**2 - d + 25. What is s(q)?
-85
Let y be -10*(1 + (-14)/10). Let x(i) = -481*i - 466*i + 945*i + 47 - 27 - 23. Give x(y).
-11
Let g = -2 - -1. Let l(y) = -y**2 + 6*y + 7. Let z(p) = 15 - 296*p + 605*p - 3*p**2 - 296*p. Let a(v) = 13*l(v) - 6*z(v). Give a(g).
6
Let p(z) be the second derivative of z**3/2 - 3*z - 21. Give p(-8).
-24
Let g(y) = 5*y**2 + 9*y - 11. Let d(x) = 2*x**2 + 5*x - 5. Suppose 41*a = 39*a - 62. Let m = 34 + a. Let p(n) = m*g(n) - 7*d(n). Determine p(7).
-5
Let h be 7/(-2) + 10/20. Let v = -10 + 0. Let x = v - h. Let n(z) = z**2 + 5*z + 1. What is n(x)?
15
Let m = -220 - -217. Let b be m/(9/(-6)) - (-11)/(-1). Let v(i) = i**3 + 10*i**2 + 7*i - 9. Give v(b).
9
Let s(y) = -y**2 - 16*y - 3. Let p = -7168 - -7150. Calculate s(p).
-39
Suppose 6*q + 150 = 6. Let r be 4/q*2 - 28/(-3). Let j be r/(36/16) - (3 - 1). Let d(a) = -a + 2. What is d(j)?
0
Let s(p) = 0*p**2 + p**2 + 33*p + 30*p - 62*p - 1. Let j(d) = 5*d**2 - 4*d. Let x(r) = -j(r) + 3*s(r). Suppose -1 = l - 6. Determine x(l).
-18
Let l(u) = u**3 - 10*u**2 - 6. Let f(w) = 2 + 7*w - w**2 + 6 + 2. Suppose 216*y + 84 = 228*y. Let i be f(y). Determine l(i).
-6
Let d(t) be the first derivative of -t**3 + t - 92472. Let z(c) = c + 2 + 3 - 2*c. Let i be z(6). What is d(i)?
-2
Suppose -2*h + 5*p - 2*p = 2, -4*h - 4 = 4*p. Let v = -11 - h. Let z(n) = n + 1. Calculate z(v).
-9
Let u(r) = 4*r - 16. Suppose 15*m + 19 = 14*m + 5*p, -4*m - p = -8. Give u(m).
-12
Let g(v) = v**2 + 8*v - 88. Suppose 12*o + 189 = 23*o + 10*o. Calculate g(o).
65
Let r(q) = q + 54. Let m(f) = -f - 66. Let o(t) = -5*m(t) - 6*r(t). Determine o(12).
-6
Let k = 229 + -155. Let y = -79 + k. Let q(a) = 2*a**2 + 8*a - 9. Let i be q(y). Let h(v) = 7*v. Give h(i).
7
Suppose 18*m + 708 = -54*m + 13*m. Let s(f) = -f**2 - 10*f + 16. What is s(m)?
-8
Suppose -5*t + 40 = 2*g, 129 = -10*g + 15*g - 2*t. Let v(f) = -7 - 75*f**2 - 3 + 25*f**2 + 5*f + 26*f**2 + g*f**2. Give v(-5).
-10
Let f be (4/10)/((-16)/(-5)) + (-165)/40. Let i(c) = -13*c + 6. Determine i(f).
58
Suppose 524*m - 484*m = 244 + 36. Let n(l) be the third derivative of l**4/24 - l**3/6 + l**2. What is n(m)?
6
Suppose 287 + 97 = -48*b. Let x(u) = 4*u + 12. What is x(b)?
-20
Suppose -p = -29 + 30, 0 = -2*f + 5*p - 1. Let h(b) = -5*b - 47. Determine h(f).
-32
Let k(g) be the second derivative of g**4/12 + g**3 + 9*g**2/2 + 3*g. Suppose i - 16 = -2*i + 2*p, 3*p - 33 = -5*i. Suppose -i*c + 12 = 48. Give k(c).
9
Suppose -36 = -v - 6. Let t = v + -8. Suppose 2*a - t = 13*a. Let q(n) = -2*n**2 - 4*n - 2. What is q(a)?
-2
Let u(n) be the second derivative of n**3/6 - n**2 - 60*n. Let b = -663 - -666. Give u(b).
1
Let l(t) = -4*t**2 - 258*t + 85. Let x(m) = -m**2 - 60*m - 1. Let v(q) = -l(q) + 5*x(q). Calc